, 17
Let g(z) = z**3 - 5*z**2 + 6*z. List the prime factors of g(4).
2
Suppose 684 = -68*i + 72*i. List the prime factors of i.
3, 19
Let g(v) = v**3 + 7*v**2 + 6*v + 6. Let b = -7 + 1. Let o be g(b). Let d = o + 6. List the prime factors of d.
2, 3
Let k = -88 + 150. What are the prime factors of k?
2, 31
Let b = 127 - 86. List the prime factors of b.
41
Let x = 10 + -6. What are the prime factors of x?
2
Suppose -5*f - 3*z + 54 = 0, 2*f - 3*z - 18 = f. Suppose 0 = j + 4*j - 15. Suppose -y = -f + j. What are the prime factors of y?
3
Suppose 3*p = p + 26. Suppose 4*y = p + 11. List the prime factors of y.
2, 3
Let y be -3 - (-14)/(3 + -1). Suppose v = -y*v + 65. List the prime factors of v.
13
Let s = -55 + 94. Let m = s - 5. What are the prime factors of m?
2, 17
Let u be (-6)/(-1*3) + 1. Suppose q = -2*k + 5, -3*k + u = q - 4. What are the prime factors of (k - 3)*(-8 - 1)?
3
Suppose -102 - 78 = -3*b. List the prime factors of b.
2, 3, 5
Suppose -9*p = -6*p - 714. What are the prime factors of p?
2, 7, 17
Suppose -2*l - 3*l + 15 = 0. Let o(k) = 5*k**2 + 2*k + 4. Let t be o(l). Suppose -2*v - 5*n = -5, 4*v - 2*n = -3*n + t. List the prime factors of v.
3, 5
Suppose 15 = 5*q + 5*c, 3*q - q - 2*c = 6. What are the prime factors of q?
3
Suppose -81 - 111 = -4*p. What are the prime factors of p?
2, 3
Let h(i) = i**3 - i**2 + 2*i - 1. Let t be h(1). Let u(o) = o + t + 5*o**2 - o. What are the prime factors of u(1)?
2, 3
Suppose a - 2*a = 0. Suppose a = -0*o - o - 3*y + 11, y = 0. What are the prime factors of (-3)/(6/(-4))*o?
2, 11
Let p(u) = 2*u**2 - 6*u - 8. List the prime factors of p(8).
2, 3
Suppose -8*t = -9*t + 102. Suppose 4*p - t = 62. What are the prime factors of p?
41
Let d = 399 + -283. What are the prime factors of d?
2, 29
Let y = -1 - -3. Suppose -y*w = -4 - 36. List the prime factors of w.
2, 5
Let t = 61 + -36. Suppose 16 = 3*p + 2*w, 0 = 2*w + 3*w - t. Suppose -p*n + 18 = -8. What are the prime factors of n?
13
Suppose 0 + 4 = -2*y. Let b be -1*2/y*11. Suppose -4*j - 2*c + 30 = 0, -c + 5*c - b = -j. List the prime factors of j.
7
Suppose 4 = h - 0*h. Suppose -h*g = -z + 28, -79 = -3*z + 4*g - 27. Suppose 6*i + 2*p = 4*i + z, -3*i = -3*p - 12. List the prime factors of i.
5
Let z(a) = 4*a**2 + 2*a - 2. Suppose 0*x = -x + 3. Let v be z(x). Suppose 4*t - v = -0*t. What are the prime factors of t?
2, 5
Let c(q) = q**3 - 2*q**2 - 8*q + 7. Let h(d) = -d**2 + d - 1. Let l = 5 - 6. Let m(z) = l*c(z) - 2*h(z). What are the prime factors of m(4)?
19
List the prime factors of (-12)/(-18) + (-103)/(-3).
5, 7
Suppose 0 = 8*y - 4*y - 32. What are the prime factors of y?
2
Let p(h) = h + 1. Let l be p(2). Let s = -3 + l. Suppose k - 10 = -s*k. List the prime factors of k.
2, 5
Let l(j) = -j**3 + j**2 - j - 2. Let y be l(0). Let n be 0/y - (-31 + 7). Suppose 2*z - n = -2*z. List the prime factors of z.
2, 3
Suppose 3*b - 15 - 1 = u, -20 = 5*u. List the prime factors of b.
2
Let g = -251 - -179. List the prime factors of ((-2)/4)/(1/g).
2, 3
Let h(f) = f**2 + 3*f - 16. Let u be -14*(3 - 20/8). What are the prime factors of h(u)?
2, 3
Suppose 0 = 7*o + 47 - 306. What are the prime factors of o?
37
Suppose 2*z - 5*z = -h + 57, h = 5*z + 63. What are the prime factors of h?
2, 3
Let k be 76*((-39)/(-12) + -3). Suppose 3*l = 8 + k. List the prime factors of (9/(-6))/(l/(-84)).
2, 7
Let x = -145 + 219. What are the prime factors of x?
2, 37
Suppose 103 + 87 = 2*l. What are the prime factors of l?
5, 19
Let r = 23 + -12. List the prime factors of (46/(-8))/(r/(-44)).
23
Suppose -4 + 0 = 4*b. Let s = b + 6. What are the prime factors of s?
5
Let m be (-6)/(2 - (2 + 1)). Let l(r) = 12 + 2 + m*r - 7*r. List the prime factors of l(10).
2
Suppose 22*z - 20*z = 6. Suppose -z*a + 11 = -52. List the prime factors of a.
3, 7
Suppose 3*k - 5*m = 152 + 57, -4*m + 98 = k. List the prime factors of k.
2, 3, 13
Suppose 4*o = 2*l - 4*l + 244, 4*l - 488 = 2*o. List the prime factors of l.
2, 61
Let b(f) = 69*f + 1. What are the prime factors of b(1)?
2, 5, 7
Let q be (1 - 22/(-2)) + -2. Let y = q + -5. Suppose y*j - 50 = -5*o, -64 = -4*o + 3*j + j. What are the prime factors of o?
13
Let h be -14*(1 + (-5)/2). Let k = 15 + h. Suppose -5*r - 5 - 22 = -3*f, 5*r = -4*f + k. List the prime factors of f.
3
Suppose -2*w = 2*w - 3*l + 27, -l - 12 = w. What are the prime factors of 39 + 2 + w/3?
2, 19
Let k(y) be the second derivative of -y**5/20 - y**4/3 + 4*y**3/3 - 2*y**2 - y. Let d be k(-6). What are the prime factors of 24*(d/6 - 3)?
2
Let w(c) = -c**3 + 2*c**2 + 5*c + 1. Let f be w(4). Let z = 2 - f. What are the prime factors of z?
13
Let b be (-6)/(-3)*(5/1 - 3). Suppose 1 = -2*q + q, -5*t + q + 41 = 0. Suppose t = -b*u, -11 + 33 = 2*l - 2*u. What are the prime factors of l?
3
Let t = -242 - -445. Suppose 4*f + 30 - t = 5*h, 47 = f - 2*h. List the prime factors of f.
37
Suppose 0 = -5*o, -2*a + 4 + 4 = 3*o. List the prime factors of 75/4 + a/16.
19
Suppose 388 = 4*o - 0*o. Suppose -5*r - a = -o, -48 = -3*r - 0*a - 4*a. Suppose 2*f - 43 = -2*u - 3*u, 4*u - 2*f = r. List the prime factors of u.
7
Let k be (-3)/(-1) + 8/8. Let d(g) = 7*g + 5. What are the prime factors of d(k)?
3, 11
What are the prime factors of (-321)/(-12) - (-12)/(-16)?
2, 13
Suppose -12*w - 786 = -15*w. List the prime factors of w.
2, 131
Let v(d) = d**2 - 6*d + 4. Let x be v(6). Let p = 8 + -6. Suppose -x*t - 26 = -p*w, 5 = 5*w + 2*t + 3*t. List the prime factors of w.
5
Suppose -6*k + 337 = -347. What are the prime factors of k?
2, 3, 19
Let n be (-240)/(-36)*(-6)/(-5). Suppose 4*p + 4*v - n = 0, -v + 3 + 19 = 5*p. What are the prime factors of p?
5
Let h(l) = l**3 - 3*l**2 - 3*l - 1. Let w be 1 - -6*(-3)/(-6). What are the prime factors of h(w)?
3
Suppose -o + 18 = 2*o. Suppose -14 = -5*z - 2*j, 5*z + 5*j - o = -1. Let y = z - -2. List the prime factors of y.
2, 3
Suppose -5*q + 5 = 70. Let h = q + -13. Let b = -13 - h. List the prime factors of b.
13
Let o be (3/(-6))/((-1)/10). Suppose -5*m - 45 = o. List the prime factors of ((-16)/m)/((-1)/(-5)).
2
Let r = 7 - 10. List the prime factors of 1/(3/(-54)*r).
2, 3
What are the prime factors of 7/(63/(-6))*-237?
2, 79
Suppose 6 = 2*g - 2. Suppose -g*m = -5*x - 17 - 2, -5*x = m - 36. List the prime factors of m.
11
Let k(d) = -d**3 + 14*d**2 - 13*d + 4. What are the prime factors of k(13)?
2
Let p be (3 + -4)/(1/(-4)). Suppose 0 = -2*m + w + 2 + 2, -3*w = p*m - 18. Suppose -m*n = 5*a - 40 - 37, 0 = -a + 4*n + 20. List the prime factors of a.
2
Suppose 3*y - z = 57, 3*y - z = -2*z + 63. Suppose 3 - 19 = -4*f. Suppose 8*o - y = f*o. What are the prime factors of o?
5
Let x(y) = -y**2 - 13*y - 2. List the prime factors of x(-4).
2, 17
Suppose 0*v + 2*v + 27 = 3*b, 0 = 4*b + v - 25. Suppose j = b + 14. Let a = -13 + j. What are the prime factors of a?
2
Suppose 0*g + 3*g - 18 = 0. List the prime factors of 25/2 - (-9)/g.
2, 7
Let h(v) = -v**2 + 3*v + 2*v + 2*v - 3 + 5. List the prime factors of h(7).
2
Let n be 36/(-16) + (-1)/(-4). Let b be (-4)/(-1)*(-1 - n). Suppose -p - 3*u = -20, -25 = -3*p - b*u + 35. List the prime factors of p.
2, 5
Let j(v) be the first derivative of 21*v**2/2 - 3. List the prime factors of j(1).
3, 7
Suppose v - 4*x = 23, v + 5 + 2 = -2*x. Let z be 5/15*v*1. What are the prime factors of 10/(-3)*z*-3?
2, 5
Let o = 2 - 2. Suppose 3*w + 18 - 57 = o. List the prime factors of w.
13
Suppose -2*u + 19 = 5*f, -3*u = -f - 0*f + 14. Suppose d = -f*t + 7, -d + 5*t = d - 29. List the prime factors of d.
2, 3
Let p be 3/(-2)*6/9. Let o(z) = 7*z**2 + 2*z + 1. What are the prime factors of o(p)?
2, 3
Suppose -4*s = -0*s - 16. Suppose -8*v + s*v = -24. What are the prime factors of v?
2, 3
Let c = 21 + -6. List the prime factors of c.
3, 5
Let l(a) = a + 3. Let b be l(0). Suppose -5*u - y + 75 = 12, y = b. List the prime factors of u.
2, 3
Let l = 15 - -65. List the prime factors of l.
2, 5
Let c be 4/14 + 7820/70. Let w = 159 - c. What are the prime factors of w?
47
Suppose w - 5*w + 2*o = 60, -2*o = -2*w - 34. Let a(t) = -2*t - 6. List the prime factors of a(w).
2, 5
Let s(o) = 15*o - 19. What are the prime factors of s(6)?
71
Let q be (6/(-9))/((-4)/834). Suppose -2*b = 4*l - 142, -4*l - 6*b + q = -b. List the prime factors of l.
